{"id":777,"date":"2022-12-20T09:11:38","date_gmt":"2022-12-20T09:11:38","guid":{"rendered":"http:\/\/vallegaia.de\/Valle_Gaia\/?page_id=777"},"modified":"2023-01-28T07:27:20","modified_gmt":"2023-01-28T07:27:20","slug":"resonanzfeld","status":"publish","type":"page","link":"https:\/\/vallegaia.de\/Valle_Gaia\/resonanzfeld","title":{"rendered":"Resonanzfeld-\u00d6ffnung"},"content":{"rendered":"<style>.wp-block-kadence-advancedheading.kt-adv-heading_a0ee9d-a5, .wp-block-kadence-advancedheading.kt-adv-heading_a0ee9d-a5[data-kb-block=\"kb-adv-heading_a0ee9d-a5\"]{font-style:normal;}.wp-block-kadence-advancedheading.kt-adv-heading_a0ee9d-a5 mark.kt-highlight, .wp-block-kadence-advancedheading.kt-adv-heading_a0ee9d-a5[data-kb-block=\"kb-adv-heading_a0ee9d-a5\"] mark.kt-highlight{font-style:normal;color:#f76a0c;-webkit-box-decoration-break:clone;box-decoration-break:clone;padding-top:0px;padding-right:0px;padding-bottom:0px;padding-left:0px;}.wp-block-kadence-advancedheading.kt-adv-heading_a0ee9d-a5 img.kb-inline-image, .wp-block-kadence-advancedheading.kt-adv-heading_a0ee9d-a5[data-kb-block=\"kb-adv-heading_a0ee9d-a5\"] img.kb-inline-image{width:150px;vertical-align:baseline;}<\/style>\n<h3 class=\"kt-adv-heading_a0ee9d-a5 wp-block-kadence-advancedheading\" data-kb-block=\"kb-adv-heading_a0ee9d-a5\">Energiefeld K\u00f6perGeistSeele<\/h3>\n\n\n\n<p><strong>DU BESTIMMST, was Du hereinl\u00e4sst!<\/strong><\/p>\n\n\n\n<figure class=\"wp-block-image size-large\"><img loading=\"lazy\" decoding=\"async\" width=\"700\" height=\"1245\" src=\"http:\/\/vallegaia.de\/wp-content\/uploads\/2022\/12\/21D7E910-23DE-4706-9ABB-13480BF7E6D2-700x1245.png\" alt=\"\" class=\"wp-image-949\" srcset=\"https:\/\/vallegaia.de\/wp-content\/uploads\/2022\/12\/21D7E910-23DE-4706-9ABB-13480BF7E6D2-700x1245.png 700w, https:\/\/vallegaia.de\/wp-content\/uploads\/2022\/12\/21D7E910-23DE-4706-9ABB-13480BF7E6D2-337x600.png 337w, https:\/\/vallegaia.de\/wp-content\/uploads\/2022\/12\/21D7E910-23DE-4706-9ABB-13480BF7E6D2-169x300.png 169w, https:\/\/vallegaia.de\/wp-content\/uploads\/2022\/12\/21D7E910-23DE-4706-9ABB-13480BF7E6D2.png 750w\" sizes=\"auto, (max-width: 700px) 100vw, 700px\" \/><\/figure>\n\n\n\n<p><\/p>\n\n\n\n<p>Hier eine wundervolle, kraftvolle \u00dcbung f\u00fcr Dich.<\/p>\n\n\n\n<p>************************************<\/p>\n\n\n\n<p>Beginne Deinen Morgen ganz bewusst. Es braucht blo\u00df ein, zwei Minuten f\u00fcr eine Karte, und ein Z\u00e4hneputzen oder eine Dusche lang Zeit zum Sinnieren \u00fcber Deinen heutigen Satz. Lass ihn einfach kommen.<\/p>\n\n\n\n<p>Idealerweise hast Du ein Kartenset zur Hand, um einen leichteren Einstieg f\u00fcr die Richtung Deiner Gedanken zu finden. (Ich nutze das Folgende sehr gern, daher dient es auch als Beispiel.)<\/p>\n\n\n\n<figure class=\"wp-block-image size-large\"><img loading=\"lazy\" decoding=\"async\" width=\"700\" height=\"933\" src=\"http:\/\/vallegaia.de\/wp-content\/uploads\/2022\/12\/IMG_2217-700x933.jpg\" alt=\"\" class=\"wp-image-844\" srcset=\"https:\/\/vallegaia.de\/wp-content\/uploads\/2022\/12\/IMG_2217-700x933.jpg 700w, https:\/\/vallegaia.de\/wp-content\/uploads\/2022\/12\/IMG_2217-450x600.jpg 450w, https:\/\/vallegaia.de\/wp-content\/uploads\/2022\/12\/IMG_2217-225x300.jpg 225w, https:\/\/vallegaia.de\/wp-content\/uploads\/2022\/12\/IMG_2217-768x1024.jpg 768w, https:\/\/vallegaia.de\/wp-content\/uploads\/2022\/12\/IMG_2217-1152x1536.jpg 1152w, https:\/\/vallegaia.de\/wp-content\/uploads\/2022\/12\/IMG_2217-800x1067.jpg 800w, https:\/\/vallegaia.de\/wp-content\/uploads\/2022\/12\/IMG_2217-rotated.jpg 1512w\" sizes=\"auto, (max-width: 700px) 100vw, 700px\" \/><\/figure>\n\n\n\n<p><\/p>\n\n\n\n<p>Im folgenden Beispiel beginnst Du diese \u00dcbung mit der gezogenen Karte: &#8222;Bewahrung des kindlichen Geistes&#8220; (Hast Du keine Karten zur Hand, mache einfach mit dem zweiten und dann auch einzigen Schritt &#8211; denn es sind blo\u00df zwei &#8211; weiter.)<\/p>\n\n\n\n<figure class=\"wp-block-image size-large\"><img loading=\"lazy\" decoding=\"async\" width=\"700\" height=\"933\" src=\"http:\/\/vallegaia.de\/wp-content\/uploads\/2022\/12\/IMG_2219-700x933.jpg\" alt=\"\" class=\"wp-image-848\" srcset=\"https:\/\/vallegaia.de\/wp-content\/uploads\/2022\/12\/IMG_2219-700x933.jpg 700w, https:\/\/vallegaia.de\/wp-content\/uploads\/2022\/12\/IMG_2219-450x600.jpg 450w, https:\/\/vallegaia.de\/wp-content\/uploads\/2022\/12\/IMG_2219-225x300.jpg 225w, https:\/\/vallegaia.de\/wp-content\/uploads\/2022\/12\/IMG_2219-768x1024.jpg 768w, https:\/\/vallegaia.de\/wp-content\/uploads\/2022\/12\/IMG_2219-1152x1536.jpg 1152w, https:\/\/vallegaia.de\/wp-content\/uploads\/2022\/12\/IMG_2219-800x1067.jpg 800w, https:\/\/vallegaia.de\/wp-content\/uploads\/2022\/12\/IMG_2219-rotated.jpg 1512w\" sizes=\"auto, (max-width: 700px) 100vw, 700px\" \/><\/figure>\n\n\n\n<p><\/p>\n\n\n\n<p>Als n\u00e4chstes w\u00e4hlst Du etwas, das Du gern \u201ehereinbitten\u201c m\u00f6chtest. Wenn Du gerade Kopfweh hast, w\u00e4re \u201eFreiheit f\u00fcr meinen Kopf\u201c eine gute Wahl (schau, was sich stimmig anf\u00fchlt). Oder, wenn Du beispielsweise gerade sehr unsicher bist wegen etwas, w\u00e4re \u201eSelbstsicherheit\u201c eine sch\u00f6ne Wahl f\u00fcr Dich. Ansonsten nimm einfach genau das, was Du gerade so richtig gut gebrauchen kannst. (Und nat\u00fcrlich kann Du auch eine ganze Zeit lang jeden Tag dasselbe w\u00e4hlen, wenn Du das Gef\u00fchl hast, hier ist der Mangel besonders gro\u00df)<\/p>\n\n\n\n<p>Dein Satz f\u00fcr Deinen Tag lautet dann:<\/p>\n\n\n\n<p><strong>Hiermit er\u00f6ffne ich mein heutiges Resonanzfeld f\u00fcr:<\/strong><\/p>\n\n\n\n<p><strong>\u201eDie Bewahrung meines kindlichen Geistes\u201c &amp; (im Zusammenhang mit Deiner Wahl, hier beispielsweise:) \u201eSelbstsicherheit\u201c.<\/strong><\/p>\n\n\n\n<p>(Sprich ihn am besten einmal laut aus. Noch intensiver ist die Wirkung, wenn Du dies ein paar Mal am Tag schaffst. Vielleicht magst Du ihn Dir auch notieren, um ihn \u00f6fter zu sehen. Sei gewiss: es wirkt, worauf Du Dich konzentrierst. Manchmal merkst Du es nicht sofort, manchmal braucht die Wirkung ein bisschen Zeit. Und ganz bestimmt gibt es sogar einen Zusammenhang zwischen Deiner Karte und Deinem Satz \u2026 lasse es einfach \u201enur\u201c wirken \u2026 Meist bekommst Du in ruhigen Momenten ein paar wertvolle \u201eAntworten\u201c. Und wenn nicht, ist das gar nicht tragisch. Vergiss nicht: es ist noch kein Profi vom Himmel gefallen. Alles braucht seine Zeit, vor allem \u00dcbung.)<\/p>\n\n\n\n<p>************************************<\/p>\n\n\n\n<p>Was auch immer Du w\u00e4hlst, Du \u00f6ffnest Deine inneren Tore zu all Deinen Zellen, um das hereinzulassen, von dem Du wirklich m\u00f6chtest, das es zu Dir und in Dein Leben geh\u00f6rt. (So wird Dir m\u00f6glicherweise auch klarer, was es NICHT l\u00e4nger zu sein braucht.) Hiermit beschreibst Du sozusagen jede Deiner Zellen neu. (\u201eEin Lottogewinn\u201c w\u00e4re zwar auch eine Idee, beschreibt aber nicht das Gef\u00fchl, das Du damit verbindest. Deine Zellen wissen dann nicht, was sie zu tun haben.) Ganz gleich, ob es direkt seine Wirkung entfaltet, oder Du erst noch ein wenig \u00fcbst, es ist eine wundervolle Methode, Dir selbst bewusster zu werden und n\u00e4her zu kommen.<\/p>\n\n\n\n<p>Erinnere und f\u00fchle Dich so oft es geht am Tag in Deinen Satz hinein. Stelle Dir so genau wie m\u00f6glich vor, wie es sich <strong>anf\u00fchlt<\/strong>, wenn er bereits eingetreten w\u00e4re.<\/p>\n\n\n\n<p>Je \u00f6fter Du zu dieser \u00dcbung kommst, desto leichter und einfacher wird es. Es wird zu einem Wunder-vollen Ritual und Wert-vollen Automatismus in Deinem Alltag.<\/p>\n\n\n\n<p><strong>Wenn Du wissen m\u00f6chtest, wie ich zu dieser \u00dcbung gekommen bin<\/strong><\/p>\n\n\n\n<p>Schon immer verstand ich den Menschen als K\u00f6rper-Geist-Seelen-Wesen. Wo mein K\u00f6rper \u201eherkam\u201c wusste ich irgendwann. Was er ist, macht, kann und wie er funktioniert, verstehe ich auch. Was in mir aber l\u00e4sst mich \u201esein\u201c wer\/was\/wie ich bin? Und was l\u00e4sst mich das f\u00fchlen und denken, was ich f\u00fchle und denke? Was ist meine \u201eSeele\u201c? Und was ist mein \u201eGeist\u201c? Wo kommen sie her? Wie sehen sie aus?<\/p>\n\n\n\n<p><strong>Und wie funktioniert das \u201eZusammenspiel\u201c denn nun eigentlich ganz praktisch?<\/strong><\/p>\n\n\n\n<p>Bis dato hatte ich keine wirklich konkrete Vorstellung meiner Seele. Umgibt sie mich? Ist sie mal da und mal weg? Kann ich sie sehen? Oder f\u00fchlen? Kann ich in sie eintauchen? Und wenn ja, wie? \u2026<\/p>\n\n\n\n<p><strong>Bis es pl\u00f6tzlich glasklar und total logisch vor mir lag.<\/strong> (Nachdem ich \u201eeintauchte\u201c, wohin auch immer.)<\/p>\n\n\n\n<p>Das, was bei meiner Entstehung im Mutterleib geschah, wei\u00df ich nat\u00fcrlich nicht mehr aus eigener Erfahrung. Ich wei\u00df, dass ich mit zwei Zellen begonnen bin. Habe. Wurde. \u2026 Und dass sich diese immer weiter teilten, bis sie irgendwann ein vollst\u00e4ndiger Menschenk\u00f6rper waren. Einfach unglaublich!, und doch beginnt auf dieses Weise unser aller Entstehen. Aus Zellen. Und was das Entscheidende f\u00fcr diesen Text ist:<\/p>\n\n\n\n<p>aus, durch und mit <strong>ENERGIE<\/strong>.<\/p>\n\n\n\n<p>Einfach alles ist Energie. Sie flie\u00dft, sie rennt, sie leuchtet, sie w\u00e4rmt, sie k\u00fchlt, sie friert, sie schwitzt, sie brennt, sie bewegt, sie singt, sie tanzt, sie f\u00e4hrt, \u2026 Jedenfalls w\u00e4re ohne sie all dies nicht m\u00f6glich. Ohne Energie w\u00e4re absoluter Stillstand. \u00dcberall. Ohne die Energie der Bewegung und der Reibung (sozusagen), g\u00e4be es unsere Entstehung nicht. Demnach beginnen wir alle durch, mit und aus Energie. Jede Zelle war von Beginn an gef\u00fcllt mit Energie. Und ohne Energie keine Teilung.<\/p>\n\n\n\n<p>Meine logische Schlussfolgerung daraus war es, dass es sich bei all der Energie in mir, also in jeder einzelnen Zelle, durchaus um meine Seele handeln d\u00fcrfte. Weil es f\u00fcr mich absolut Sinn ergeben w\u00fcrde, wenn unsere Seele Energie IST. Dass meine Zeugung demnach der \u201eRuf und die Einladung\u201c f\u00fcr all die Energie meiner Seele gewesen sein muss, Platz zu nehmen in jeder einzelnen Zelle. (Wo auch immer diese Energie vorher war \u2026)<\/p>\n\n\n\n<p>Energie flie\u00dft. \u00dcberall dort, wo ihr der Fluss verwehrt ist, ger\u00e4t etwas aus dem Gleichgewicht. Oder ins Stocken. (Wie auch immer). Verteilen wir unsere Energien in unseren Zellen ungleichgewichtig (zu viele Gedanken im Kopf, zu wenig Atem im Bauch, Anspannung hier, Schmerz dort, Schnupfen hier, gesto\u00dfenes Knie dort, \u2026), ist die Energie und die Kraft unserer Seele verhindert zu tun, was sie im \u201eGanz-und-gar-Gesundfall\u201c ganz automatisch tun w\u00fcrde (in all unserer Kraft und Mitte und Liebe). Verlagert sich also die Energie in unserem riesigen Zellberg namens K\u00f6rper, sind bestimmte Zellen ohne Energie, bzw. ohne Energiefluss. Ohne ihn, kein (ganz heiles) Leben (sowohl in k\u00f6rperlichen Teilen als auch, und vor allem am Lebensende im gesamten Zellk\u00f6rper).<\/p>\n\n\n\n<p><strong>Zellen zerfallen, Energie bleibt.<\/strong><\/p>\n\n\n\n<p>Das f\u00fchlt sich stimmig an.<\/p>\n\n\n\n<p>Nachdem ich dies nun also derart f\u00fchl-verstanden hatte, kam ein n\u00e4chster Impuls hereingeschneit, den ich niemandem vorenthalten m\u00f6chte, weil er, wie ich finde, unglaublich wertvoll ist.<\/p>\n\n\n\n<p>Wenn wir also durch und durch durchflutet sind mit Energie, sind wir sozusagen ein einziges <strong>Energiefeld<\/strong>. Mit einem solchen Feld k\u00f6nnen wir eine ganze Menge Dinge \u201eanstellen\u201c. Hochschwingen. Niedrig schwingen. Und sogar ein Magnetfeld erzeugen. Aber wie das? Da gibt es sicherlich mehrere Wege (Meditation, Singen, Tanzen, Yoga, \u2026). Und in jedem Fall mal \u00fcber unsere Gedanken. Denn auch sie sind Energie. Besonders kraftvolle Energie. Und diese folgt der Aufmerksamkeit. (Zergr\u00fcbeln wir unser Gehirn, leistet es mehr als es kann. \u201eZu viel\u201c und zu \u201ezerknuddelte\u201c Energie an einem Fleck. Meist beginnt es dann zu schmerzen.)<\/p>\n\n\n\n<p>Wir bestimmen, was wir denken. Wir bestimmen die \u201eQualit\u00e4t\u201c. Wir bestimmen, mit welcher Energie wir unsere Zellen f\u00fcllen. Wenn wir dann auch noch, allein durch die Kraft und die Macht unseres Bewusstseins (das wir alle besitzen), ein Magnetfeld erzeugen k\u00f6nnen, so bestimmen wir (zu jeder Zeit) selbst, was wir \u201ehereinlassen\u201c.<\/p>\n\n\n\n<p><strong>Du bist also nicht nur, was Du isst (die Qualit\u00e4t der Energie Deiner Nahrung, die Du durch Deinen K\u00f6rper schickst). Du bist vor allem, was Du denkst. <\/strong><\/p>\n\n\n\n<figure class=\"wp-block-image size-large\"><img loading=\"lazy\" decoding=\"async\" width=\"700\" height=\"1246\" src=\"http:\/\/vallegaia.de\/wp-content\/uploads\/2022\/12\/IMG_2207-700x1246.png\" alt=\"\" class=\"wp-image-786\" srcset=\"https:\/\/vallegaia.de\/wp-content\/uploads\/2022\/12\/IMG_2207-700x1246.png 700w, https:\/\/vallegaia.de\/wp-content\/uploads\/2022\/12\/IMG_2207-337x600.png 337w, https:\/\/vallegaia.de\/wp-content\/uploads\/2022\/12\/IMG_2207-169x300.png 169w, https:\/\/vallegaia.de\/wp-content\/uploads\/2022\/12\/IMG_2207.png 719w\" sizes=\"auto, (max-width: 700px) 100vw, 700px\" \/><\/figure>\n","protected":false},"excerpt":{"rendered":"<p>Energiefeld K\u00f6perGeistSeele DU BESTIMMST, was Du hereinl\u00e4sst! Hier eine wundervolle, kraftvolle \u00dcbung f\u00fcr Dich. ************************************ Beginne Deinen Morgen ganz bewusst. Es braucht blo\u00df ein, zwei Minuten f\u00fcr eine Karte, und ein Z\u00e4hneputzen oder eine Dusche lang Zeit zum Sinnieren \u00fcber Deinen heutigen Satz. Lass ihn einfach kommen. Idealerweise hast Du ein Kartenset zur Hand, um&#8230;<\/p>\n","protected":false},"author":1,"featured_media":0,"parent":0,"menu_order":0,"comment_status":"closed","ping_status":"closed","template":"","meta":{"footnotes":""},"class_list":["post-777","page","type-page","status-publish","hentry"],"_links":{"self":[{"href":"https:\/\/vallegaia.de\/Valle_Gaia\/wp-json\/wp\/v2\/pages\/777","targetHints":{"allow":["GET"]}}],"collection":[{"href":"https:\/\/vallegaia.de\/Valle_Gaia\/wp-json\/wp\/v2\/pages"}],"about":[{"href":"https:\/\/vallegaia.de\/Valle_Gaia\/wp-json\/wp\/v2\/types\/page"}],"author":[{"embeddable":true,"href":"https:\/\/vallegaia.de\/Valle_Gaia\/wp-json\/wp\/v2\/users\/1"}],"replies":[{"embeddable":true,"href":"https:\/\/vallegaia.de\/Valle_Gaia\/wp-json\/wp\/v2\/comments?post=777"}],"version-history":[{"count":122,"href":"https:\/\/vallegaia.de\/Valle_Gaia\/wp-json\/wp\/v2\/pages\/777\/revisions"}],"predecessor-version":[{"id":1043,"href":"https:\/\/vallegaia.de\/Valle_Gaia\/wp-json\/wp\/v2\/pages\/777\/revisions\/1043"}],"wp:attachment":[{"href":"https:\/\/vallegaia.de\/Valle_Gaia\/wp-json\/wp\/v2\/media?parent=777"}],"curies":[{"name":"wp","href":"https:\/\/api.w.org\/{rel}","templated":true}]}}